igit of j(6)?
7
Suppose 5*y + 1552 = 2*x - x, 2*y = 2*x - 3112. What is the units digit of x/45*(0 + 5)?
3
Let b be (-4)/2 + (-2 - -41) + -3. Suppose 27*o + 3122 = b*o. What is the units digit of o?
6
Let v(a) = 98*a**2 + 207*a - 53. What is the hundreds digit of v(-29)?
3
Let t(z) = 4*z**2 - 7*z**2 + 6*z**2 - 2*z + 28*z**3. What is the tens digit of t(3)?
7
Suppose 2*c = 2*c + 2*c. Suppose 15*j - 13*j - 1148 = c. What is the hundreds digit of j?
5
Suppose 5*i + 3*a = 24091 + 2468, -4*i + 21246 = 2*a. What is the units digit of i?
0
Let a(g) = -1147*g - 101. Let t be a(-11). Suppose 12*s + 16*s = t. What is the units digit of s?
7
Let s = -8786 + 12627. What is the thousands digit of s?
3
Let p(n) = 16*n**2 - 15*n + 5. Let i be p(-10). Suppose f = -4*f + i. Suppose f = -8*c + 1175. What is the units digit of c?
3
Suppose -i + 7*q - 65 = 3*q, 0 = -5*q - 15. Let c = -27 + i. What is the tens digit of 1/1 - (-3 - 0) - c?
0
Suppose 3*s + 4*p = -16, 2*s + 6*p - 2*p = -12. Let g be (-2)/s*(-2 + 2). Let b(r) = -2*r + 66. What is the units digit of b(g)?
6
Let x = 123 + -132. Let b(z) = -48*z - 56. What is the tens digit of b(x)?
7
Let g(w) = w**3 + 17*w**2 - 12*w + 37. Suppose c + 10 + 7 = 0. What is the tens digit of g(c)?
4
Suppose 165 = 4*j - 23. Suppose 494 - j = n. What is the tens digit of n?
4
Let i(p) = 18*p**2 - 3*p - 1. Suppose 5*k + 0*a + 21 = -2*a, -5*a - 10 = 4*k. Let m be (-13)/k + 0 - (-76)/190. What is the tens digit of i(m)?
5
Let a(w) = 1467*w**2 - 11*w - 28. What is the thousands digit of a(-3)?
3
Let u(i) be the third derivative of 10*i**4/3 - 53*i**3/6 - 4*i**2 + 20. What is the tens digit of u(14)?
6
Let k be (-14 + 3/3)*-1. Let s(o) = 16*o + 26. Let f be s(k). Suppose 0 = -u - 2*u + f. What is the tens digit of u?
7
Suppose 5*v + 3*y - 3357 = 0, -3*v + 16*y - 15*y = -2031. What is the units digit of v?
5
What is the thousands digit of (24872/(-15))/(8/(-60))?
2
What is the tens digit of (-109596)/(-28) - (16/14 - 1)?
1
Let r be ((-56)/2)/7*(1 - 2). Suppose 0*z + 2*w = -5*z + 2118, -5*z = -r*w - 2124. What is the tens digit of z?
2
Let q be (2/(-4))/(50/(-12) + 4). Let r be 52 + 0 + -7 + 6. What is the tens digit of 2/q - (-56)/36*r?
8
Let c(a) be the third derivative of a**6/30 - a**5/30 + 5*a**4/24 - a**3/3 - 7*a**2. Let z be c(2). Let b = 53 - z. What is the units digit of b?
1
Let h = 58 - 53. Suppose -37 = h*k - 87. Suppose 116 = 3*i - k. What is the tens digit of i?
4
Let v(h) = -2*h**2 - 9 + h**2 - 2*h**2 - 2. Let n(c) = -3*c**2 + c - 10. Let y(x) = -6*n(x) + 5*v(x). What is the tens digit of y(7)?
1
Let u be (-4)/((-6)/(-4) - 2). Let k be -46*3/(78/3887). What is the tens digit of (k/(-92))/(2/u)?
9
Let s(a) = 91*a + 30. Let o be s(-2). Let r = 643 - o. What is the tens digit of r?
9
Let c = -85 - -43. Let a = 44 + c. Suppose 0 = -3*u + 2*u - a*w + 20, 5*u - 110 = -5*w. What is the units digit of u?
4
Let u(c) = 4*c**2 + 5*c + 7. Let h be u(-5). Suppose -16*q + 5294 + 530 = 0. Suppose -d = 3*i + 2*i - h, 4*d = -2*i + q. What is the units digit of d?
2
Let o(q) = 50*q - 155*q + 357 + 59*q. What is the tens digit of o(0)?
5
Suppose 0 = -170*v + 5*v + 3913470. What is the tens digit of v?
1
Let d = 188 + -188. Suppose d = 2*r - 2*y - 1334, -3*r - 9*y + 2025 = -4*y. What is the tens digit of r?
7
What is the hundreds digit of 6/(-15) - (22098/(-9))/((-130)/(-546))?
3
Let h(u) = 3761*u - 21. What is the ten thousands digit of h(5)?
1
Let q = 3852 - 2167. What is the thousands digit of q?
1
Suppose 7 = -h, k + 2*h + 0*h = 29077. What is the tens digit of k?
9
Suppose 3*a = 12, -p - 18*a = -19*a + 240. Let u = p + 648. What is the tens digit of u?
1
Suppose 3*p + 2*w - 536 = 0, -2*p + 13*w - 18*w + 350 = 0. What is the units digit of p?
0
Suppose 11*u = 5*t + 77822, 3*u - 10*t - 21198 = -13*t. What is the tens digit of u?
7
What is the thousands digit of 20 + 92/4 + 23093?
3
Let o = -22 + 16. Let q(i) = 4*i + 12. Let p be q(o). What is the tens digit of (-639)/p - 25/20?
5
Let a be (-12)/(-2*(-5)/(-185)). Suppose z + a = -5*z. Let t = -30 - z. What is the units digit of t?
7
Suppose 5*j = -4*u + 31, -3*u + 15 = 3*j - 2*j. Suppose -j*o + 9*o - 534 = 0. What is the units digit of o?
9
Let g(i) = 428*i - 1407. What is the tens digit of g(5)?
3
Let y = 904 + -897. Suppose -6466 - 5385 = -y*g. What is the thousands digit of g?
1
Suppose 28*b = -27*b + 235565. What is the units digit of b?
3
Suppose 18*v + 10343 = 190775. What is the thousands digit of v?
0
What is the thousands digit of (-14)/2 - (-7493 - 256/(-16))?
7
Suppose -22*d + 190 = -184. What is the hundreds digit of 164/1*((10 - d) + 11)?
6
Suppose -5*a - 7865 + 2252 = -2*h, -a = 5*h - 14046. What is the hundreds digit of h?
8
Suppose -31844 = -15*p - 15060 + 71971. What is the units digit of p?
7
Let q = 84766 + -46417. What is the ten thousands digit of q?
3
Let i(t) = 36*t + 123*t + 127 - 3 - 7*t. What is the units digit of i(4)?
2
Suppose 17*t = 2*t - 405. Let l = 33 + t. Suppose 319 = l*w - 611. What is the tens digit of w?
5
Let l(t) = 2*t**2 - 11*t - 11. Let s be l(6). Let x(j) = -j**3 - 6*j**2 - 7*j - 2. Let r be x(s). What is the tens digit of (-16)/(-6)*-3*(-28)/r?
2
Suppose 0 = 4*r - y + 5*y - 1292, r + 4*y - 338 = 0. Let n = -1034 + r. What is the tens digit of 30/5*n/(-24)?
7
Suppose -3*n + 71 = -5*q, -4*q - 140 = -4*n - 48. What is the units digit of 1/3*85074/n?
9
Let s(d) = -d**2 - 4*d + 11. Let w be s(-5). What is the units digit of 316/(w + 0 - 132/24)?
2
Let s be (3/(-4))/((-9)/24). Suppose s*u - 927 = -5*p, -4*u - 4*p = -0*p - 1836. What is the hundreds digit of u?
4
Suppose -2*j = 21*f - 24*f + 15544, f = -2*j + 5160. What is the hundreds digit of f?
1
What is the units digit of 1/(-13) + 0 - (-358416)/78?
5
Let v = 109 + -104. Suppose v*q = -2*l + 697, -5*q + 4*l + 530 + 161 = 0. What is the units digit of -2*2/(-4) + -7 + q?
3
Let b(x) = 977*x**2 + 25*x + 120. What is the tens digit of b(-4)?
5
Suppose 0 = 2*n - 3*r + 1704, 3*n - 2*r = -2*n - 4282. Let z = n + 1509. What is the tens digit of z?
5
Let q = 6961 - 3517. What is the units digit of q?
4
Let i be (-4)/3*18/12. Let p(t) = 6*t. Let o be p(1). Let d = i + o. What is the units digit of d?
4
Let j(w) be the second derivative of -w**3 + 21*w**2 + 28*w. Let a be j(6). Suppose 0 = a*s + 5*s - 1177. What is the units digit of s?
7
Let z(h) = -556*h + 1897. What is the tens digit of z(-30)?
7
What is the ten thousands digit of 2004/(-9)*1494/(-12)*(-10)/(-20)?
1
What is the tens digit of ((-1250)/6)/(17/408*-8)?
2
Let x(u) = -u**3 + 9*u**2 - 14*u + 11. Let z be ((-18)/(-6) - 5) + 8. What is the tens digit of x(z)?
3
Let d(h) = -3145*h - 368. What is the ten thousands digit of d(-5)?
1
Suppose -21*i + 211814 + 40186 = 0. What is the units digit of i?
0
Let l(j) = -j + 88. Suppose -h = -3*m + 126, 2*m - 2*h = 2*h + 84. Let n = m - 42. What is the units digit of l(n)?
8
Let k = -36 - -50. Let f be (8/k)/(-2 + (-816)/(-406)). Let o = 1 + f. What is the tens digit of o?
5
Let d(m) = 20*m + 6. Suppose 3 = -6*u + 15. Suppose 0*c + 4*q - 1 = c, -4*c + u*q + 10 = 0. What is the units digit of d(c)?
6
Suppose 19 = 4*l + f, 2*l + 3*f + 0*f = 7. Suppose 3*u - y = -4*y + 1014, 1696 = l*u + 3*y. What is the units digit of u?
1
Suppose -2*j - 5*h = -55, -53 - 12 = -5*j + 2*h. Suppose 3*d + j = 0, 4*g + 5*d - 4 = 19. Suppose g*z - 8*z - 492 = 0. What is the units digit of z?
3
Suppose 107*g - 90*g - 169558 = 0. What is the units digit of g?
4
What is the thousands digit of 20718 + 4 + (13 - (-187)/(-11))?
0
Let o(j) = 6*j**3 - 12*j**2 - 15*j - 68. Let a(h) = -5*h**3 + 10*h**2 + 16*h + 65. Let m(g) = -4*a(g) - 3*o(g). What is the tens digit of m(8)?
6
Suppose 3*u - 3255 = -2*p, 0 = -4*u + 34*p - 31*p + 4340. What is the hundreds digit of (-141)/5*u/(-31)?
9
Let p(q) = 92*q**2 - q + 2. Suppose -4*c = -v + 18 + 4, 0 = 4*v - 2*c - 18. Let d be p(v). What is the tens digit of (-6)/(-14) - d/(-7)?
5
Suppose a = 0, -3*a = 5*s + a + 215. Let n = 13 + s. What is the tens digit of (2/2)/((-3)/n)?
1
Let w(r) = -87*r**3 - 20*r**2 - 34*r - 35. What is the thousands digit of w(-8)?
3
Let t be (-1)/(-4) - 4/16. Let j be 2 + (t + 2 + -2)/(-1). Suppose -4*a + h + 377 = j*h, -2*a = -3*h - 199. What is the tens digit of a?
9
Let